{"id":119,"date":"2022-04-22T11:58:11","date_gmt":"2022-04-22T11:58:11","guid":{"rendered":"https:\/\/hacdaubai.com\/?page_id=119"},"modified":"2024-12-16T12:43:36","modified_gmt":"2024-12-16T12:43:36","slug":"sea-chat-trong","status":"publish","type":"page","link":"https:\/\/hacdaubai.com\/index.php\/cac-san-pham-cua-chung-toi\/sea-chat-trong\/","title":{"rendered":"Ch\u1ea5t tr\u1ed3ng SEA"},"content":{"rendered":"\n<div class=\"wp-block-image\"><figure class=\"aligncenter size-large\"><img loading=\"lazy\" width=\"1024\" height=\"467\" src=\"https:\/\/hacdaubai.com\/wp-content\/uploads\/2023\/05\/chattrong2-1024x467.png\" alt=\"\" class=\"wp-image-511\" srcset=\"https:\/\/hacdaubai.com\/wp-content\/uploads\/2023\/05\/chattrong2-1024x467.png 1024w, https:\/\/hacdaubai.com\/wp-content\/uploads\/2023\/05\/chattrong2-300x137.png 300w, https:\/\/hacdaubai.com\/wp-content\/uploads\/2023\/05\/chattrong2-768x350.png 768w, https:\/\/hacdaubai.com\/wp-content\/uploads\/2023\/05\/chattrong2-1536x701.png 1536w, https:\/\/hacdaubai.com\/wp-content\/uploads\/2023\/05\/chattrong2-2048x934.png 2048w\" sizes=\"(max-width: 1024px) 100vw, 1024px\" \/><\/figure><\/div>\n\n\n\n<p>Ch\u1ea5t h\u1eefu c\u01a1 trong \u0111\u1ea5t l\u00e0 th\u00e0nh t\u1ed1 \u0111\u00f3ng vai tr\u00f2 h\u1ebft s\u1ee9c quan tr\u1ecdng trong vi\u1ec7c duy tr\u00ec \u0111\u1ed9 ph\u00ec nhi\u00eau c\u1ee7a \u0111\u1ea5t , cung c\u1ea5p dinh d\u01b0\u1ee1ng , duy tr\u00ec v\u00e0 ph\u00e1t tri\u1ec3n s\u1ee9c s\u1ea3n xu\u1ea5t c\u1ee7a \u0111\u1ea5t t\u1eeb \u0111\u00f3 d\u1eabn \u0111\u1ebfn vi\u1ec7c ph\u00e1t tri\u1ec3n c\u1ee7a c\u00e2y tr\u1ed3ng mang \u0111\u1ebfn m\u00f9a m\u00e0ng b\u1ed9i thu theo h\u01b0\u1edbng b\u1ec1n v\u1eefng .<\/p>\n\n\n\n<hr class=\"wp-block-separator\"\/>\n\n\n\n<p>Do vai tr\u00f2 quan t\u1ecdng c\u1ee7a ch\u1ea5t h\u1eefu c\u01a1 trong s\u1ea3n xu\u1ea5t n\u00f4ng nghi\u1ec7p , hi\u1ec7n nay c\u00f3 r\u1ea5t nhi\u1ec1u xu h\u01b0\u1edbng s\u1eed d\u1ee5ng c\u00e1c lo\u1ea1i nguy\u00ean li\u1ec7u \u0111\u1ec3 s\u1ea3n xu\u1ea5t s\u1ea3n ph\u1ea9m h\u1eefu c\u01a1 ph\u1ee5c v\u1ee5 s\u1ea3n xu\u1ea5t n\u00f4ng nghi\u1ec7p.<\/p>\n\n\n\n<p>S\u1ea3n ph\u1ea9m CH\u1ea4T TR\u1ed2NG <img loading=\"lazy\" width=\"2436\" height=\"967\" class=\"wp-image-67\" style=\"width: 150px;\" src=\"https:\/\/hacdaubai.com\/wp-content\/uploads\/2022\/04\/logoSEA2_glow.png\" alt=\"logo s\u1ea3n ph\u1ea9m SEA 1\" srcset=\"https:\/\/hacdaubai.com\/wp-content\/uploads\/2022\/04\/logoSEA2_glow.png 2436w, https:\/\/hacdaubai.com\/wp-content\/uploads\/2022\/04\/logoSEA2_glow-300x119.png 300w, https:\/\/hacdaubai.com\/wp-content\/uploads\/2022\/04\/logoSEA2_glow-1024x406.png 1024w, https:\/\/hacdaubai.com\/wp-content\/uploads\/2022\/04\/logoSEA2_glow-768x305.png 768w, https:\/\/hacdaubai.com\/wp-content\/uploads\/2022\/04\/logoSEA2_glow-1536x610.png 1536w, https:\/\/hacdaubai.com\/wp-content\/uploads\/2022\/04\/logoSEA2_glow-2048x813.png 2048w\" sizes=\"(max-width: 2436px) 100vw, 2436px\" \/> &nbsp;\u0111\u01b0\u1ee3c s\u1ea3n xu\u1ea5t theo m\u1ed9t quy tr\u00ecnh ho\u00e0n to\u00e0n t\u1ef1 nhi\u00ean , s\u1eed d\u1ee5ng quy tr\u00ecnh \u1ee7 nhanh \u0111\u1ec3 \u0111\u1ea1t \u0111\u01b0\u1ee3c s\u1ef1 chuy\u1ec3n ho\u00e1 h\u1eefu c\u01a1 th\u00f4 th\u00e0nh m\u00f9n ( m\u00f9n ho\u00e1 ) t\u1eeb m\u1ed9t lo\u1ea1i c\u00e2y \u0111\u00e3 \u0111\u01b0\u1ee3c ch\u1ecdn l\u1ecdc.<\/p>\n\n\n\n<hr class=\"wp-block-separator\"\/>\n\n\n\n<div class=\"wp-block-image\"><figure class=\"aligncenter size-large is-resized\"><img loading=\"lazy\" src=\"https:\/\/hacdaubai.com\/wp-content\/uploads\/2023\/05\/20230507_161358-461x1024.jpg\" alt=\"\" class=\"wp-image-506\" width=\"826\" height=\"1835\" srcset=\"https:\/\/hacdaubai.com\/wp-content\/uploads\/2023\/05\/20230507_161358-461x1024.jpg 461w, https:\/\/hacdaubai.com\/wp-content\/uploads\/2023\/05\/20230507_161358-135x300.jpg 135w, https:\/\/hacdaubai.com\/wp-content\/uploads\/2023\/05\/20230507_161358-768x1705.jpg 768w, https:\/\/hacdaubai.com\/wp-content\/uploads\/2023\/05\/20230507_161358-692x1536.jpg 692w, https:\/\/hacdaubai.com\/wp-content\/uploads\/2023\/05\/20230507_161358-922x2048.jpg 922w, https:\/\/hacdaubai.com\/wp-content\/uploads\/2023\/05\/20230507_161358-scaled.jpg 1153w\" sizes=\"(max-width: 826px) 100vw, 826px\" \/><figcaption>Can Ch\u1ea5t tr\u1ed3ng SEA lo\u1ea1i 5 l\u00edt.<\/figcaption><\/figure><\/div>\n\n\n\n<p><strong>M\u1eddi c\u00e1c b\u1ea1n xem video b\u00ean d\u01b0\u1edbi \u0111\u1ec3 bi\u1ebft r\u00f5 h\u01a1n v\u1ec1 quy tr\u00ecnh &amp; c\u00e1ch s\u1eed d\u1ee5ng c\u1ee7a <\/strong><\/p>\n\n\n\n<p><strong>CH\u1ea4T TR\u1ed2NG<\/strong><img loading=\"lazy\" width=\"2436\" height=\"967\" class=\"wp-image-67\" style=\"width: 150px;\" src=\"https:\/\/hacdaubai.com\/wp-content\/uploads\/2022\/04\/logoSEA2_glow.png\" alt=\"logo s\u1ea3n ph\u1ea9m SEA 1\" srcset=\"https:\/\/hacdaubai.com\/wp-content\/uploads\/2022\/04\/logoSEA2_glow.png 2436w, https:\/\/hacdaubai.com\/wp-content\/uploads\/2022\/04\/logoSEA2_glow-300x119.png 300w, https:\/\/hacdaubai.com\/wp-content\/uploads\/2022\/04\/logoSEA2_glow-1024x406.png 1024w, https:\/\/hacdaubai.com\/wp-content\/uploads\/2022\/04\/logoSEA2_glow-768x305.png 768w, https:\/\/hacdaubai.com\/wp-content\/uploads\/2022\/04\/logoSEA2_glow-1536x610.png 1536w, https:\/\/hacdaubai.com\/wp-content\/uploads\/2022\/04\/logoSEA2_glow-2048x813.png 2048w\" sizes=\"(max-width: 2436px) 100vw, 2436px\" \/>:<\/p>\n\n\n\n<figure class=\"wp-block-embed is-type-video is-provider-youtube wp-block-embed-youtube wp-embed-aspect-16-9 wp-has-aspect-ratio\"><div class=\"wp-block-embed__wrapper\">\n<div class=\"nv-iframe-embed\"><iframe loading=\"lazy\" title=\"H\u01b0\u1edbng d\u1eabn S\u1eed d\u1ee5ng: S\u1ea3n ph\u1ea9m Ch\u1ea5t tr\u1ed3ng SEA.\" width=\"1200\" height=\"675\" src=\"https:\/\/www.youtube.com\/embed\/X9pSuTPJujI?feature=oembed\" frameborder=\"0\" allow=\"accelerometer; autoplay; clipboard-write; encrypted-media; gyroscope; picture-in-picture; web-share\" referrerpolicy=\"strict-origin-when-cross-origin\" allowfullscreen><\/iframe><\/div>\n<\/div><\/figure>\n","protected":false},"excerpt":{"rendered":"<p>Ch\u1ea5t h\u1eefu c\u01a1 trong \u0111\u1ea5t l\u00e0 th\u00e0nh t\u1ed1 \u0111\u00f3ng vai tr\u00f2 h\u1ebft s\u1ee9c quan tr\u1ecdng trong vi\u1ec7c duy tr\u00ec \u0111\u1ed9 ph\u00ec nhi\u00eau c\u1ee7a \u0111\u1ea5t , cung c\u1ea5p dinh d\u01b0\u1ee1ng , duy tr\u00ec v\u00e0 ph\u00e1t tri\u1ec3n s\u1ee9c s\u1ea3n xu\u1ea5t c\u1ee7a \u0111\u1ea5t t\u1eeb \u0111\u00f3 d\u1eabn \u0111\u1ebfn vi\u1ec7c ph\u00e1t tri\u1ec3n c\u1ee7a c\u00e2y tr\u1ed3ng mang \u0111\u1ebfn m\u00f9a m\u00e0ng b\u1ed9i&hellip;&nbsp;<a href=\"https:\/\/hacdaubai.com\/index.php\/cac-san-pham-cua-chung-toi\/sea-chat-trong\/\" class=\"\" rel=\"bookmark\">Read More &raquo;<span class=\"screen-reader-text\">Ch\u1ea5t tr\u1ed3ng SEA<\/span><\/a><\/p>\n","protected":false},"author":1,"featured_media":90,"parent":95,"menu_order":0,"comment_status":"closed","ping_status":"closed","template":"","meta":{"neve_meta_sidebar":"","neve_meta_container":"","neve_meta_enable_content_width":"","neve_meta_content_width":0,"neve_meta_title_alignment":"","neve_meta_author_avatar":"","neve_post_elements_order":"","neve_meta_disable_header":"","neve_meta_disable_footer":"","neve_meta_disable_title":"","spay_email":""},"yoast_head":"<!-- This site is optimized with the Yoast SEO plugin v18.6 - https:\/\/yoast.com\/wordpress\/plugins\/seo\/ -->\n<title>Ch\u1ea5t tr\u1ed3ng SEA - c\u00f4ng ty nguy\u1ec5n thanh h\u1ea3i<\/title>\n<meta name=\"robots\" content=\"index, follow, max-snippet:-1, max-image-preview:large, max-video-preview:-1\" \/>\n<link rel=\"canonical\" href=\"https:\/\/hacdaubai.com\/index.php\/cac-san-pham-cua-chung-toi\/sea-chat-trong\/\" \/>\n<meta property=\"og:locale\" content=\"en_US\" \/>\n<meta property=\"og:type\" content=\"article\" \/>\n<meta property=\"og:title\" content=\"Ch\u1ea5t tr\u1ed3ng SEA - c\u00f4ng ty nguy\u1ec5n thanh h\u1ea3i\" \/>\n<meta property=\"og:description\" content=\"Ch\u1ea5t h\u1eefu c\u01a1 trong \u0111\u1ea5t l\u00e0 th\u00e0nh t\u1ed1 \u0111\u00f3ng vai tr\u00f2 h\u1ebft s\u1ee9c quan tr\u1ecdng trong vi\u1ec7c duy tr\u00ec \u0111\u1ed9 ph\u00ec nhi\u00eau c\u1ee7a \u0111\u1ea5t , cung c\u1ea5p dinh d\u01b0\u1ee1ng , duy tr\u00ec v\u00e0 ph\u00e1t tri\u1ec3n s\u1ee9c s\u1ea3n xu\u1ea5t c\u1ee7a \u0111\u1ea5t t\u1eeb \u0111\u00f3 d\u1eabn \u0111\u1ebfn vi\u1ec7c ph\u00e1t tri\u1ec3n c\u1ee7a c\u00e2y tr\u1ed3ng mang \u0111\u1ebfn m\u00f9a m\u00e0ng b\u1ed9i&hellip;&nbsp;Read More &raquo;Ch\u1ea5t tr\u1ed3ng SEA\" \/>\n<meta property=\"og:url\" content=\"https:\/\/hacdaubai.com\/index.php\/cac-san-pham-cua-chung-toi\/sea-chat-trong\/\" \/>\n<meta property=\"og:site_name\" content=\"c\u00f4ng ty nguy\u1ec5n thanh h\u1ea3i\" \/>\n<meta property=\"article:modified_time\" content=\"2024-12-16T12:43:36+00:00\" \/>\n<meta property=\"og:image\" content=\"https:\/\/hacdaubai.com\/wp-content\/uploads\/2022\/04\/108315175_172939120872423_2125906229424490044_o-1.jpg\" \/>\n\t<meta property=\"og:image:width\" content=\"500\" \/>\n\t<meta property=\"og:image:height\" content=\"284\" \/>\n\t<meta property=\"og:image:type\" content=\"image\/jpeg\" \/>\n<meta name=\"twitter:card\" content=\"summary_large_image\" \/>\n<meta name=\"twitter:label1\" content=\"Est. reading time\" \/>\n\t<meta name=\"twitter:data1\" content=\"2 minutes\" \/>\n<script type=\"application\/ld+json\" class=\"yoast-schema-graph\">{\"@context\":\"https:\/\/schema.org\",\"@graph\":[{\"@type\":\"Organization\",\"@id\":\"https:\/\/hacdaubai.com\/#organization\",\"name\":\"C\u00f4ng ty TNHH TM MTV Nguy\u1ec5n Thanh H\u1ea3i\",\"url\":\"https:\/\/hacdaubai.com\/\",\"sameAs\":[\"https:\/\/www.youtube.com\/channel\/UCIvIoGmAr7rtXQ-KK-1FrMA\"],\"logo\":{\"@type\":\"ImageObject\",\"@id\":\"https:\/\/hacdaubai.com\/#logo\",\"inLanguage\":\"en-US\",\"url\":\"https:\/\/hacdaubai.com\/wp-content\/uploads\/2022\/04\/logo..png\",\"contentUrl\":\"https:\/\/hacdaubai.com\/wp-content\/uploads\/2022\/04\/logo..png\",\"width\":2227,\"height\":552,\"caption\":\"C\u00f4ng ty TNHH TM MTV Nguy\u1ec5n Thanh H\u1ea3i\"},\"image\":{\"@id\":\"https:\/\/hacdaubai.com\/#logo\"}},{\"@type\":\"WebSite\",\"@id\":\"https:\/\/hacdaubai.com\/#website\",\"url\":\"https:\/\/hacdaubai.com\/\",\"name\":\"c\u00f4ng ty nguy\u1ec5n thanh h\u1ea3i\",\"description\":\"\u0110\u00f3 l\u00e0 t\u1ef1 nhi\u00ean. \u0110\u00f3 l\u00e0 b\u1ec1n v\u1eefng.\",\"publisher\":{\"@id\":\"https:\/\/hacdaubai.com\/#organization\"},\"potentialAction\":[{\"@type\":\"SearchAction\",\"target\":{\"@type\":\"EntryPoint\",\"urlTemplate\":\"https:\/\/hacdaubai.com\/?s={search_term_string}\"},\"query-input\":\"required name=search_term_string\"}],\"inLanguage\":\"en-US\"},{\"@type\":\"ImageObject\",\"@id\":\"https:\/\/hacdaubai.com\/index.php\/cac-san-pham-cua-chung-toi\/sea-chat-trong\/#primaryimage\",\"inLanguage\":\"en-US\",\"url\":\"https:\/\/hacdaubai.com\/wp-content\/uploads\/2022\/04\/108315175_172939120872423_2125906229424490044_o-1.jpg\",\"contentUrl\":\"https:\/\/hacdaubai.com\/wp-content\/uploads\/2022\/04\/108315175_172939120872423_2125906229424490044_o-1.jpg\",\"width\":500,\"height\":284},{\"@type\":\"WebPage\",\"@id\":\"https:\/\/hacdaubai.com\/index.php\/cac-san-pham-cua-chung-toi\/sea-chat-trong\/#webpage\",\"url\":\"https:\/\/hacdaubai.com\/index.php\/cac-san-pham-cua-chung-toi\/sea-chat-trong\/\",\"name\":\"Ch\u1ea5t tr\u1ed3ng SEA - c\u00f4ng ty nguy\u1ec5n thanh h\u1ea3i\",\"isPartOf\":{\"@id\":\"https:\/\/hacdaubai.com\/#website\"},\"primaryImageOfPage\":{\"@id\":\"https:\/\/hacdaubai.com\/index.php\/cac-san-pham-cua-chung-toi\/sea-chat-trong\/#primaryimage\"},\"datePublished\":\"2022-04-22T11:58:11+00:00\",\"dateModified\":\"2024-12-16T12:43:36+00:00\",\"breadcrumb\":{\"@id\":\"https:\/\/hacdaubai.com\/index.php\/cac-san-pham-cua-chung-toi\/sea-chat-trong\/#breadcrumb\"},\"inLanguage\":\"en-US\",\"potentialAction\":[{\"@type\":\"ReadAction\",\"target\":[\"https:\/\/hacdaubai.com\/index.php\/cac-san-pham-cua-chung-toi\/sea-chat-trong\/\"]}]},{\"@type\":\"BreadcrumbList\",\"@id\":\"https:\/\/hacdaubai.com\/index.php\/cac-san-pham-cua-chung-toi\/sea-chat-trong\/#breadcrumb\",\"itemListElement\":[{\"@type\":\"ListItem\",\"position\":1,\"name\":\"Home\",\"item\":\"https:\/\/hacdaubai.com\/\"},{\"@type\":\"ListItem\",\"position\":2,\"name\":\"Ch\u1ebf ph\u1ea9m SEA.\",\"item\":\"https:\/\/hacdaubai.com\/index.php\/cac-san-pham-cua-chung-toi\/\"},{\"@type\":\"ListItem\",\"position\":3,\"name\":\"Ch\u1ea5t tr\u1ed3ng SEA\"}]}]}<\/script>\n<!-- \/ Yoast SEO plugin. -->","yoast_head_json":{"title":"Ch\u1ea5t tr\u1ed3ng SEA - c\u00f4ng ty nguy\u1ec5n thanh h\u1ea3i","robots":{"index":"index","follow":"follow","max-snippet":"max-snippet:-1","max-image-preview":"max-image-preview:large","max-video-preview":"max-video-preview:-1"},"canonical":"https:\/\/hacdaubai.com\/index.php\/cac-san-pham-cua-chung-toi\/sea-chat-trong\/","og_locale":"en_US","og_type":"article","og_title":"Ch\u1ea5t tr\u1ed3ng SEA - c\u00f4ng ty nguy\u1ec5n thanh h\u1ea3i","og_description":"Ch\u1ea5t h\u1eefu c\u01a1 trong \u0111\u1ea5t l\u00e0 th\u00e0nh t\u1ed1 \u0111\u00f3ng vai tr\u00f2 h\u1ebft s\u1ee9c quan tr\u1ecdng trong vi\u1ec7c duy tr\u00ec \u0111\u1ed9 ph\u00ec nhi\u00eau c\u1ee7a \u0111\u1ea5t , cung c\u1ea5p dinh d\u01b0\u1ee1ng , duy tr\u00ec v\u00e0 ph\u00e1t tri\u1ec3n s\u1ee9c s\u1ea3n xu\u1ea5t c\u1ee7a \u0111\u1ea5t t\u1eeb \u0111\u00f3 d\u1eabn \u0111\u1ebfn vi\u1ec7c ph\u00e1t tri\u1ec3n c\u1ee7a c\u00e2y tr\u1ed3ng mang \u0111\u1ebfn m\u00f9a m\u00e0ng b\u1ed9i&hellip;&nbsp;Read More &raquo;Ch\u1ea5t tr\u1ed3ng SEA","og_url":"https:\/\/hacdaubai.com\/index.php\/cac-san-pham-cua-chung-toi\/sea-chat-trong\/","og_site_name":"c\u00f4ng ty nguy\u1ec5n thanh h\u1ea3i","article_modified_time":"2024-12-16T12:43:36+00:00","og_image":[{"width":500,"height":284,"url":"https:\/\/hacdaubai.com\/wp-content\/uploads\/2022\/04\/108315175_172939120872423_2125906229424490044_o-1.jpg","type":"image\/jpeg"}],"twitter_card":"summary_large_image","twitter_misc":{"Est. reading time":"2 minutes"},"schema":{"@context":"https:\/\/schema.org","@graph":[{"@type":"Organization","@id":"https:\/\/hacdaubai.com\/#organization","name":"C\u00f4ng ty TNHH TM MTV Nguy\u1ec5n Thanh H\u1ea3i","url":"https:\/\/hacdaubai.com\/","sameAs":["https:\/\/www.youtube.com\/channel\/UCIvIoGmAr7rtXQ-KK-1FrMA"],"logo":{"@type":"ImageObject","@id":"https:\/\/hacdaubai.com\/#logo","inLanguage":"en-US","url":"https:\/\/hacdaubai.com\/wp-content\/uploads\/2022\/04\/logo..png","contentUrl":"https:\/\/hacdaubai.com\/wp-content\/uploads\/2022\/04\/logo..png","width":2227,"height":552,"caption":"C\u00f4ng ty TNHH TM MTV Nguy\u1ec5n Thanh H\u1ea3i"},"image":{"@id":"https:\/\/hacdaubai.com\/#logo"}},{"@type":"WebSite","@id":"https:\/\/hacdaubai.com\/#website","url":"https:\/\/hacdaubai.com\/","name":"c\u00f4ng ty nguy\u1ec5n thanh h\u1ea3i","description":"\u0110\u00f3 l\u00e0 t\u1ef1 nhi\u00ean. \u0110\u00f3 l\u00e0 b\u1ec1n v\u1eefng.","publisher":{"@id":"https:\/\/hacdaubai.com\/#organization"},"potentialAction":[{"@type":"SearchAction","target":{"@type":"EntryPoint","urlTemplate":"https:\/\/hacdaubai.com\/?s={search_term_string}"},"query-input":"required name=search_term_string"}],"inLanguage":"en-US"},{"@type":"ImageObject","@id":"https:\/\/hacdaubai.com\/index.php\/cac-san-pham-cua-chung-toi\/sea-chat-trong\/#primaryimage","inLanguage":"en-US","url":"https:\/\/hacdaubai.com\/wp-content\/uploads\/2022\/04\/108315175_172939120872423_2125906229424490044_o-1.jpg","contentUrl":"https:\/\/hacdaubai.com\/wp-content\/uploads\/2022\/04\/108315175_172939120872423_2125906229424490044_o-1.jpg","width":500,"height":284},{"@type":"WebPage","@id":"https:\/\/hacdaubai.com\/index.php\/cac-san-pham-cua-chung-toi\/sea-chat-trong\/#webpage","url":"https:\/\/hacdaubai.com\/index.php\/cac-san-pham-cua-chung-toi\/sea-chat-trong\/","name":"Ch\u1ea5t tr\u1ed3ng SEA - c\u00f4ng ty nguy\u1ec5n thanh h\u1ea3i","isPartOf":{"@id":"https:\/\/hacdaubai.com\/#website"},"primaryImageOfPage":{"@id":"https:\/\/hacdaubai.com\/index.php\/cac-san-pham-cua-chung-toi\/sea-chat-trong\/#primaryimage"},"datePublished":"2022-04-22T11:58:11+00:00","dateModified":"2024-12-16T12:43:36+00:00","breadcrumb":{"@id":"https:\/\/hacdaubai.com\/index.php\/cac-san-pham-cua-chung-toi\/sea-chat-trong\/#breadcrumb"},"inLanguage":"en-US","potentialAction":[{"@type":"ReadAction","target":["https:\/\/hacdaubai.com\/index.php\/cac-san-pham-cua-chung-toi\/sea-chat-trong\/"]}]},{"@type":"BreadcrumbList","@id":"https:\/\/hacdaubai.com\/index.php\/cac-san-pham-cua-chung-toi\/sea-chat-trong\/#breadcrumb","itemListElement":[{"@type":"ListItem","position":1,"name":"Home","item":"https:\/\/hacdaubai.com\/"},{"@type":"ListItem","position":2,"name":"Ch\u1ebf ph\u1ea9m SEA.","item":"https:\/\/hacdaubai.com\/index.php\/cac-san-pham-cua-chung-toi\/"},{"@type":"ListItem","position":3,"name":"Ch\u1ea5t tr\u1ed3ng SEA"}]}]}},"jetpack-related-posts":[{"id":89,"url":"https:\/\/hacdaubai.com\/index.php\/tu-gioi-thieu\/","url_meta":{"origin":119,"position":0},"title":"T\u1ef1 gi\u1edbi thi\u1ec7u.","date":"April 16, 2022","format":false,"excerpt":"T\u1eeb bao \u0111\u1eddi nay , \u0111\u1ea5t l\u00e0 m\u00f4i tr\u01b0\u1eddng s\u1ed1ng v\u00e0 ph\u00e1t tri\u1ec3n c\u1ee7a c\u00e1c lo\u1ea1i c\u00e2y tr\u1ed3ng \u2013 ngu\u1ed3n th\u1ef1c ph\u1ea9m nu\u00f4i s\u1ed1ng ch\u00fang ta v\u00e0 h\u01a1n th\u1ebf n\u1eefa \u0111\u00f3 l\u00e0 ngu\u1ed3n nu\u00f4i d\u01b0\u1ee1ng v\u00e0 duy tr\u00ec s\u1ef1 s\u1ed1ng tr\u00ean h\u00e0nh tinh ch\u00fang ta . Tuy nhi\u00ean do y\u00eau\u2026","rel":"","context":"Similar post","img":{"alt_text":"","src":"https:\/\/i0.wp.com\/hacdaubai.com\/wp-content\/uploads\/2022\/04\/sdsadsad.jpg?resize=350%2C200&ssl=1","width":350,"height":200},"classes":[]},{"id":29,"url":"https:\/\/hacdaubai.com\/","url_meta":{"origin":119,"position":1},"title":"Trang Ch\u1ee7","date":"April 14, 2022","format":false,"excerpt":"\u0110\u00f3 l\u00e0 T\u1ef1 nhi\u00ean. \u0110\u00f3 l\u00e0 B\u1ec1n v\u1eefng. Ch\u00fang t\u00f4i l\u00e0 chuy\u00ean gia l\u00e0m cho \u0111\u1ea5t m\u00e0u m\u1ee1. CH\u1ebe PH\u1ea8M SEA Li\u00ean h\u1ec7 Ch\u00fang t\u00f4i Ch\u1ebf ph\u1ea9m SEA Ch\u1ebf ph\u1ea9m c\u1ea3i t\u1ea1o m\u00f4i tr\u01b0\u1eddng \u0111\u1ea5t v\u00e0 vi sinh v\u1eadt, l\u00e0m cho \u0111\u1ea5t gi\u00e0u, m\u00e0u m\u1ee1, b\u1ea3o v\u1ec7 m\u00f4i tr\u01b0\u1eddng. Ch\u1ea5t\u2026","rel":"","context":"Similar post","img":{"alt_text":"logo s\u1ea3n ph\u1ea9m SEA 1","src":"https:\/\/i0.wp.com\/hacdaubai.com\/wp-content\/uploads\/2022\/04\/logoSEA2_glow.png?resize=350%2C200&ssl=1","width":350,"height":200},"classes":[]},{"id":95,"url":"https:\/\/hacdaubai.com\/index.php\/cac-san-pham-cua-chung-toi\/","url_meta":{"origin":119,"position":2},"title":"Ch\u1ebf ph\u1ea9m SEA.","date":"April 19, 2022","format":false,"excerpt":"\u00dd t\u01b0\u1edfng v\u1ec1 m\u1ed9t s\u1ea3n ph\u1ea9m ph\u00e2n b\u00f3n s\u1ea1ch , an to\u00e0n cho s\u1ea3n xu\u1ea5t n\u00f4ng nghi\u1ec7p manh nha trong ng\u01b0\u1eddi s\u00e1ng l\u1eadp c\u00f4ng ty t\u1eeb nh\u1eefng n\u0103m 90 . Ch\u00fang t\u00f4i \u00a0nh\u1eadn ra m\u1ed9t \u0111i\u1ec1u t\u1ea1i sao ta c\u1ee9 ch\u00fa tr\u1ecdng \u0111\u1ebfn \u0111i\u1ec1u ph\u1ea3i l\u00e0m cho c\u00e2y t\u1ed1t ,\u2026","rel":"","context":"Similar post","img":{"alt_text":"logo s\u1ea3n ph\u1ea9m SEA 1","src":"https:\/\/i0.wp.com\/hacdaubai.com\/wp-content\/uploads\/2022\/04\/logoSEA2_glow.png?resize=350%2C200&ssl=1","width":350,"height":200},"classes":[]},{"id":106,"url":"https:\/\/hacdaubai.com\/index.php\/cac-san-pham-cua-chung-toi\/che-pham-cai-tao-dat\/","url_meta":{"origin":119,"position":3},"title":"Ch\u1ebf ph\u1ea9m C\u1ea3i t\u1ea1o \u0111\u1ea5t SEA","date":"April 22, 2022","format":false,"excerpt":"\u0110\u1ea4T KHO\u1eba, C\u00c2Y KHO\u1eba - \u0110\u1ea4T T\u1ed0T, C\u00c2Y T\u1ed0T T\u1eeb bao \u0111\u1eddi nay , \u0111\u1ea5t l\u00e0 m\u00f4i tr\u01b0\u1eddng s\u1ed1ng v\u00e0 ph\u00e1t tri\u1ec3n c\u1ee7a c\u00e1c lo\u1ea1i c\u00e2y tr\u1ed3ng \u2013 ngu\u1ed3n th\u1ef1c ph\u1ea9m nu\u00f4i s\u1ed1ng ch\u00fang ta v\u00e0 h\u01a1n th\u1ebf n\u1eefa \u0111\u00f3 l\u00e0 ngu\u1ed3n nu\u00f4i d\u01b0\u1ee1ng v\u00e0 duy tr\u00ec s\u1ef1 s\u1ed1ng tr\u00ean\u2026","rel":"","context":"Similar post","img":{"alt_text":"","src":"https:\/\/i0.wp.com\/hacdaubai.com\/wp-content\/uploads\/2022\/04\/108315175_172939120872423_2125906229424490044_o-1.jpg?resize=350%2C200&ssl=1","width":350,"height":200},"classes":[]},{"id":122,"url":"https:\/\/hacdaubai.com\/index.php\/cac-san-pham-cua-chung-toi\/sea-giu-am\/","url_meta":{"origin":119,"position":4},"title":"SEA Gi\u1eef \u1ea8m","date":"April 22, 2022","format":false,"excerpt":"S\u1ea3n ph\u1ea9m \u0111\u00e3 ho\u00e0n th\u00e0nh giai \u0111o\u1ea1n nghi\u00ean c\u1ee9u , ph\u00e2n t\u00edch , s\u1ea3n xu\u1ea5t m\u1eabu v\u00e0 th\u1ef1c nghi\u1ec7m trong s\u1ea3n xu\u1ea5t t\u1ea1i 4 t\u1ec9nh c\u00f3 m\u00f9a kh\u00f4 k\u00e9o d\u00e0i , c\u00f3 \u0111i\u1ec1u ki\u1ec7n t\u1ef1 nhi\u00ean b\u1ecb h\u1ea1n. S\u1ea3n ph\u1ea9m \u0111ang \u0111\u01b0\u1ee3c th\u1ef1c hi\u1ec7n c\u00f4ng vi\u1ec7c tr\u00ecnh c\u01a1 quan ch\u1ee9c\u2026","rel":"","context":"Similar post","img":{"alt_text":"","src":"https:\/\/i0.wp.com\/hacdaubai.com\/wp-content\/uploads\/2022\/04\/108315175_172939120872423_2125906229424490044_o-1.jpg?resize=350%2C200&ssl=1","width":350,"height":200},"classes":[]},{"id":585,"url":"https:\/\/hacdaubai.com\/index.php\/ve-chung-toi\/","url_meta":{"origin":119,"position":5},"title":"V\u1ec1 ch\u00fang t\u00f4i.","date":"November 15, 2023","format":false,"excerpt":"B\u00ean d\u01b0\u1edbi l\u00e0 nh\u1eefng gi\u1ea5y ch\u1ee9ng nh\u1eadn v\u00e0 quy chu\u1ea9n m\u00e0 s\u1ea3n ph\u1ea9m Ch\u1ebf ph\u1ea9m c\u1ee7a ch\u00fang t\u00f4i \u0111\u00e3 \u0111\u1ea1t \u0111\u01b0\u1ee3c. Gi\u1ea5y ph\u00e9p s\u1ea3n xu\u1ea5t & C\u00f4ng v\u0103n C\u1ee5c B\u1ea3o v\u1ec7 Th\u1ef1c v\u1eadt: Ti\u00eau chu\u1ea9n C\u01a1 s\u1edf Ch\u1ea5t c\u1ea3i t\u1ea1o & Ch\u1ea5t tr\u1ed3ng: Ch\u1ee9ng nh\u1eadn ISO, B\u00e1o c\u00e1o M\u00f4i tr\u01b0\u1eddng,\u2026","rel":"","context":"Similar post","img":{"alt_text":"","src":"https:\/\/i0.wp.com\/hacdaubai.com\/wp-content\/uploads\/2023\/11\/20231113_161707-1.jpg?resize=350%2C200&ssl=1","width":350,"height":200},"classes":[]}],"_links":{"self":[{"href":"https:\/\/hacdaubai.com\/index.php\/wp-json\/wp\/v2\/pages\/119"}],"collection":[{"href":"https:\/\/hacdaubai.com\/index.php\/wp-json\/wp\/v2\/pages"}],"about":[{"href":"https:\/\/hacdaubai.com\/index.php\/wp-json\/wp\/v2\/types\/page"}],"author":[{"embeddable":true,"href":"https:\/\/hacdaubai.com\/index.php\/wp-json\/wp\/v2\/users\/1"}],"replies":[{"embeddable":true,"href":"https:\/\/hacdaubai.com\/index.php\/wp-json\/wp\/v2\/comments?post=119"}],"version-history":[{"count":8,"href":"https:\/\/hacdaubai.com\/index.php\/wp-json\/wp\/v2\/pages\/119\/revisions"}],"predecessor-version":[{"id":734,"href":"https:\/\/hacdaubai.com\/index.php\/wp-json\/wp\/v2\/pages\/119\/revisions\/734"}],"up":[{"embeddable":true,"href":"https:\/\/hacdaubai.com\/index.php\/wp-json\/wp\/v2\/pages\/95"}],"wp:featuredmedia":[{"embeddable":true,"href":"https:\/\/hacdaubai.com\/index.php\/wp-json\/wp\/v2\/media\/90"}],"wp:attachment":[{"href":"https:\/\/hacdaubai.com\/index.php\/wp-json\/wp\/v2\/media?parent=119"}],"curies":[{"name":"wp","href":"https:\/\/api.w.org\/{rel}","templated":true}]}}